mposite number?
True
Is 139559 a prime number?
False
Is 15817 prime?
True
Is 647 a composite number?
False
Is 47939 composite?
False
Is 1057 composite?
True
Is 8059 a prime number?
True
Is 11861 a prime number?
False
Is 22598 a prime number?
False
Is 489 a prime number?
False
Is 5666 a composite number?
True
Is 2231467 prime?
False
Is 4904197 a prime number?
True
Is 5721 a prime number?
False
Is 32254 composite?
True
Is 59159 composite?
False
Is 28115 prime?
False
Is 1044215 composite?
True
Is 37229 a prime number?
False
Is 14023 prime?
False
Is 208137 a prime number?
False
Is 56629 a prime number?
True
Is 667085 a prime number?
False
Is 37243 composite?
False
Is 43417 prime?
False
Is 22537 prime?
False
Is 179263 prime?
False
Is 39517 composite?
True
Is 253469 a composite number?
False
Is 83687 composite?
True
Is 8129 prime?
False
Is 359 a composite number?
False
Is 73303 a prime number?
True
Is 133583 a composite number?
False
Is 418993 a composite number?
False
Is 559343 a composite number?
False
Is 90905 a composite number?
True
Is 531521 composite?
False
Is 545023 a composite number?
False
Is 215482 prime?
False
Is 2041363 a prime number?
True
Is 2039 composite?
False
Is 126713 prime?
True
Is 119859 a composite number?
True
Is 871 a prime number?
False
Is 20507 a composite number?
False
Is 48053 composite?
True
Is 2459 composite?
False
Is 1603 prime?
False
Is 10061 composite?
False
Is 540537 composite?
True
Is 49463 composite?
False
Is 63203 composite?
True
Is 41843 a composite number?
False
Is 34319 a prime number?
True
Is 14939 a prime number?
True
Is 119303 prime?
False
Is 3691 a prime number?
True
Is 3214 a composite number?
True
Is 875743 prime?
False
Is 51571 a composite number?
True
Is 350329 a composite number?
True
Is 753 composite?
True
Is 5223 a composite number?
True
Is 2811 composite?
True
Is 98123 a prime number?
True
Is 37403 a composite number?
True
Is 2001963 composite?
True
Is 118963 a composite number?
True
Is 299843 prime?
True
Is 11699 a prime number?
True
Is 1801 composite?
False
Is 816401 composite?
False
Is 36511 a prime number?
False
Is 45817 composite?
False
Is 167651 a composite number?
True
Is 435745 composite?
True
Is 1929 prime?
False
Is 12587 prime?
False
Is 53167 a prime number?
False
Is 1993193 prime?
True
Is 108791 a prime number?
True
Is 67 a composite number?
False
Is 81997 a composite number?
True
Is 726751 composite?
False
Is 112513 prime?
False
Is 61781 prime?
True
Is 1872357 a prime number?
False
Is 78643 prime?
True
Is 63557 a prime number?
False
Is 4049 composite?
False
Is 574667 prime?
True
Is 1427249 a composite number?
True
Is 1694411 a prime number?
False
Is 29327 composite?
False
Is 2413 a composite number?
True
Is 8031 composite?
True
Is 63445 prime?
False
Is 1499 composite?
False
Is 6247 a composite number?
False
Is 31973 prime?
True
Is 16106 a composite number?
True
Is 181499 a prime number?
True
Is 117959 prime?
True
Is 97469 a prime number?
False
Is 37777 a prime number?
False
Is 40461 a prime number?
False
Is 1315 prime?
False
Is 3277 a prime number?
False
Is 90547 a composite number?
False
Is 312881 a composite number?
True
Is 53 a prime number?
True
Is 878099 composite?
False
Is 6121 a prime number?
True
Is 2964769 a prime number?
False
Is 1514099 a composite number?
False
Is 103897 composite?
True
Is 81377 a composite number?
True
Is 115809 a composite number?
True
Is 554821 composite?
False
Is 558827 a composite number?
False
Is 743317 a composite number?
True
Is 3137 prime?
True
Is 26759 a composite number?
False
Is 44519 prime?
True
Is 20849 a composite number?
False
Is 2719 composite?
False
Is 46907 prime?
False
Is 83363 a prime number?
False
Is 1766033 composite?
True
Is 6821 composite?
True
Is 42061 composite?
False
Is 6779 prime?
True
Is 8501 a composite number?
False
Is 302737 a prime number?
False
Is 743 composite?
False
Is 2270987 composite?
False
Is 7814 composite?
True
Is 22739 composite?
False
Is 352491 prime?
False
Is 7863 prime?
False
Is 11091 a prime number?
False
Is 57745 a composite number?
True
Is 5963 prime?
False
Is 308777 composite?
True
Is 19661 a composite number?
False
Is 23099 prime?
True
Is 136985 composite?
True
Is 40967 prime?
False
Is 206779 a prime number?
True
Is 216749 a composite number?
True
Is 169831 prime?
True
Is 45941 a prime number?
False
Is 80513 a composite number?
False
Is 6331 composite?
True
Is 57446 a prime number?
False
Is 175103 composite?
False
Is 26777 a composite number?
False
Is 899843 prime?
False
Is 39959 a composite number?
True
Is 203531 a composite number?
False
Is 9527 prime?
False
Is 348109 prime?
False
Is 115043 a prime number?
False
Is 2051 prime?
False
Is 481711 a composite number?
True
Is 230651 composite?
True
Is 86489 a prime number?
False
Is 70415 composite?
True
Is 9019 prime?
False
Is 12409 prime?
True
Is 24721 composite?
True
Is 4417 a composite number?
True
Is 252022 prime?
False
Is 3986 a prime number?
False
Is 3314 a composite number?
True
Is 24946 a prime number?
False
Is 7717 a composite number?
False
Is 24143 composite?
True
Is 988747 a composite number?
True
Is 1605257 a prime number?
True
Is 14699 a prime number?
True
Is 10639 a prime number?
True
Is 328579 a prime number?
True
Is 1637 a prime number?
True
Is 2568169 a composite number?
False
Is 23957 composite?
False
Is 50147 a prime number?
True
Is 1657 composite?
False
Is 326429 composite?
True
Is 86743 a composite number?
False
Is 15907 prime?
True
Is 222401 a prime number?
False
Is 71191 a prime number?
True
Is 93667 a prime number?
False
Is 49431 a prime number?
False
Is 7937 a composite number?
False
Is 527113 a prime number?
False
Is 862 a composite number?
True
Is 49103 a composite number?
False
Is 381911 a prime number?
True
Is 346831 prime?
True
Is 50359 a composite number?
False
Is 63277 prime?
True
Is 261341 a prime number?
False
Is 4413 a prime number?
False
Is 380381 a composite number?
True
Is 43 a prime number?
True
Is 65339 a composite number?
True
Is 20477 a prime number?
True
Is 8197 a prime number?
False
Is 9091 composite?
False
Is 2147 a composite number?
True
Is 2369 composite?
True
Is 9409 composite?
True
Is 31893 a composite number?
True
Is 817 a prime number?
False
Is 9197 a composite number?
True
Is 2561 prime?
False
Is 151531 prime?
True
Is 40693 composite?
False
Is 5469 a prime number?
False
Is 94 a composite number?
True
Is 831361 prime?
True
Is 52433 prime?
True
Is 12007 composite?
False
Is 84629 prime?
True
Is 5610443 a prime number?
True
Is 10121 a prime number?
False
Is 1006 a composite number?
True
Is 21631 a prime number?
False
Is 4583 a composite number?
False
Is 281243 prime?
True
Is 4771 composite?
True
Is 289987 prime?
True
Is 2434 composite?
True
Is 385691 a composite number?
True
Is 18301 prime?
True
Is 4513 prime?
True
Is 2112685 a composite number?
True
Is 89189 prime?
True
Is 340301 a composite number?
True
Is 2129 a composite number?
False
Is 1067 a prime number?
False
Is 969382 a prime number?
False
Is 1639 a composite number?
True
Is 9587 a prime number?
True
Is 493319 composite?
True
Is 56986 a composite number?
True
Is 26083 composite?
False
Is 1709 composite?
False
Is 69011 a prime number?
True
Is 136769 prime?
True
Is 230449 prime?
True
Is 499 a composite number?
False
Is 6779 composite?
False
Is 192737 composite?
False
Is 33253 prime?
False
Is 533 prime?
False
Is 62579 composite?
True
Is 79579 prime?
True
Is 3491 composite?
False
Is 54361 a composite number?
False
Is 1649 a prime number?
False
Is 209767 a prime number?
True
Is 20931 composite?
True
Is 1919 a prime number?
False
Is 15961 composite?
True
Is 2073 a prime number?
False
Is 34231 a prime number?
True
Is 72337 a prime number?
True
Is 2855487 composite?
True
Is 282193 a composite number?
True
Is 29917 a composite number?
False
Is 2374 a prime number?
False
Is 1594 composite?
True
Is 137087 prime?
True
Is 21647 composite?
False
Is 363431 composite?
False
Is 645298 prime?
False
Is 16759 prime?
True
Is 2395 composite?
True
Is 5963 prime?
False
Is 1227 a composite number?
True
Is 49253 prime?
True
Is 2688427 a composite number?
True
Is 19207 a composite number?
False
Is 131851 composite?
True
Is 1386223 a composite number?
False
Is 1071737 composi